{"id":6643,"date":"2025-11-24T10:58:24","date_gmt":"2025-11-24T09:58:24","guid":{"rendered":"https:\/\/spjastrzab.ugporaj.pl\/?page_id=6643"},"modified":"2025-11-24T11:03:02","modified_gmt":"2025-11-24T10:03:02","slug":"badz-aktywny-z-kuratorem","status":"publish","type":"page","link":"https:\/\/spjastrzab.ugporaj.pl\/?page_id=6643","title":{"rendered":"B\u0105d\u017a Aktywny z Kuratorem"},"content":{"rendered":"\t\t<div data-elementor-type=\"wp-page\" data-elementor-id=\"6643\" class=\"elementor elementor-6643\">\n\t\t\t\t\t\t<section class=\"elementor-section elementor-top-section elementor-element elementor-element-8bd4186 elementor-section-boxed elementor-section-height-default elementor-section-height-default\" data-id=\"8bd4186\" data-element_type=\"section\" data-e-type=\"section\">\n\t\t\t\t\t\t<div class=\"elementor-container elementor-column-gap-default\">\n\t\t\t\t\t<div class=\"elementor-column elementor-col-100 elementor-top-column elementor-element elementor-element-78e583e\" data-id=\"78e583e\" data-element_type=\"column\" data-e-type=\"column\">\n\t\t\t<div class=\"elementor-widget-wrap elementor-element-populated\">\n\t\t\t\t\t\t<div class=\"elementor-element elementor-element-9c2e0df elementor-widget elementor-widget-text-editor\" data-id=\"9c2e0df\" data-element_type=\"widget\" data-e-type=\"widget\" data-widget_type=\"text-editor.default\">\n\t\t\t\t<div class=\"elementor-widget-container\">\n\t\t\t\t\t\t\t\t\t<div class=\"Y3BBE\" data-sfc-cp=\"\" data-hveid=\"CAAIABAC\"><strong>&#8222;B\u0105d\u017a Aktywny z Kuratorem&#8221;<\/strong> to projekt Kuratorium O\u015bwiaty w Katowicach, kt\u00f3ry zach\u0119ca do aktywno\u015bci fizycznej, spo\u0142ecznej i obywatelskiej w\u015br\u00f3d uczni\u00f3w wojew\u00f3dztwa \u015bl\u0105skiego. W ramach konkursu organizowane s\u0105 r\u00f3\u017cne inicjatywy, takie jak warsztaty, konkursy i wsp\u00f3lne wydarzenia, kt\u00f3re maj\u0105 promowa\u0107 zdrowy styl \u017cycia, odpowiedzialno\u015b\u0107 i wsp\u00f3\u0142prac\u0119.<\/div><div data-sfc-cp=\"\" data-hveid=\"CAAIABAC\">\u00a0<\/div><div data-sfc-cp=\"\" data-hveid=\"CAAIABAC\"><strong>Cele projektu:<\/strong><\/div><div data-sfc-cp=\"\" data-hveid=\"CAAIABAC\"><div class=\"otQkpb\" role=\"heading\" aria-level=\"3\" data-animation-nesting=\"\" data-sfc-cp=\"\"><ul class=\"KsbFXc U6u95\"><li data-hveid=\"CAAIABAI\"><span class=\"T286Pc\" data-sfc-cp=\"\">Promowanie aktywno\u015bci fizycznej i zdrowego trybu \u017cycia.<\/span><\/li><li data-hveid=\"CAAIABAJ\"><span class=\"T286Pc\" data-sfc-cp=\"\">Zwi\u0119kszanie \u015bwiadomo\u015bci na temat korzy\u015bci p\u0142yn\u0105cych z aktywno\u015bci na \u015bwie\u017cym powietrzu.<\/span><\/li><li data-hveid=\"CAAIABAK\"><span class=\"T286Pc\" data-sfc-cp=\"\">Kszta\u0142towanie nawyk\u00f3w aktywnego sp\u0119dzania wolnego czasu.<\/span><\/li><li data-hveid=\"CAAIABAL\"><span class=\"T286Pc\" data-sfc-cp=\"\">Aktywizacja i integracja spo\u0142eczno\u015bci szkolnej (uczni\u00f3w, nauczycieli i rodzic\u00f3w).<\/span><\/li><li data-hveid=\"CAAIABAM\"><span class=\"T286Pc\" data-sfc-cp=\"\">Rozwijanie pasji i uczenie wsp\u00f3\u0142pracy<span id=\"iVCgkacXeC_KH7NYPgs690Ag_4\">.<\/span><\/span><span id=\"iVCgkacXeC_KH7NYPgs690Ag_5\"><span class=\"uJ19be notranslate\" data-wiz-uids=\"lTxcSb_v,lTxcSb_w,lTxcSb_x\"><span class=\"vKEkVd\" data-animation-atomic=\"\">\u00a0<\/span><\/span><\/span><\/li><\/ul><p>Wi\u0119cej na temat programu mo\u017cna dowiedzie\u0107 si\u0119 na stronach:<\/p><p><a href=\"https:\/\/kuratorium.katowice.pl\/index.php\/kuratorium\/aktualnosci\/zaproszenie-do-udzialu-w-konkursie-konkurs-badz-aktywny-z-kuratorem-w-roku-szkolnym-2025-2026\/?fbclid=IwY2xjawORB8NleHRuA2FlbQIxMABicmlkETAxUURUSURTRWFuT3hJNjk4c3J0YwZhcHBfaWQQMjIyMDM5MTc4ODIwMDg5MgABHgtNu4bt5azc3URFGe3VuYNqDqy5GbqnntSmWR7R_r27G7YsVmjzdw0d8hJ1_aem_yAQPsWZ-eo2BK7BUoRskOg\" target=\"_blank\" rel=\"noopener\">https:\/\/kuratorium.katowice.pl\/index.php\/kuratorium\/aktualnosci\/zaproszenie-do-udzialu-w-konkursie-konkurs-badz-aktywny-z-kuratorem-w-roku-szkolnym-2025-2026\/?fbclid=IwY2xjawORB8NleHRuA2FlbQIxMABicmlkETAxUURUSURTRWFuT3hJNjk4c3J0YwZhcHBfaWQQMjIyMDM5MTc4ODIwMDg5MgABHgtNu4bt5azc3URFGe3VuYNqDqy5GbqnntSmWR7R_r27G7YsVmjzdw0d8hJ1_aem_yAQPsWZ-eo2BK7BUoRskOg<\/a><\/p><p><a href=\"https:\/\/www.facebook.com\/kuratoriumoswiatykatowice\/posts\/-b%C4%85d%C5%BA-aktywny-z-kuratoremw-roku-szkolnym-20252026-zapraszamy-do-aktywnego-udzia%C5%82\/1266057225535683\/\" target=\"_blank\" rel=\"noopener\">https:\/\/www.facebook.com\/kuratoriumoswiatykatowice\/posts\/-b%C4%85d%C5%BA-aktywny-z-kuratoremw-roku-szkolnym-20252026-zapraszamy-do-aktywnego-udzia%C5%82\/1266057225535683\/<\/a><\/p><\/div><\/div>\t\t\t\t\t\t\t\t<\/div>\n\t\t\t\t<\/div>\n\t\t\t\t\t<\/div>\n\t\t<\/div>\n\t\t\t\t\t<\/div>\n\t\t<\/section>\n\t\t\t\t<\/div>\n\t\t","protected":false},"excerpt":{"rendered":"<p>&#8222;B\u0105d\u017a Aktywny z Kuratorem&#8221; to projekt Kuratorium O\u015bwiaty w Katowicach, kt\u00f3ry zach\u0119ca do aktywno\u015bci fizycznej, spo\u0142ecznej i obywatelskiej w\u015br\u00f3d uczni\u00f3w wojew\u00f3dztwa \u015bl\u0105skiego. W ramach konkursu organizowane s\u0105 r\u00f3\u017cne inicjatywy, takie jak warsztaty, konkursy i wsp\u00f3lne wydarzenia, kt\u00f3re maj\u0105 promowa\u0107 zdrowy styl \u017cycia, odpowiedzialno\u015b\u0107 i wsp\u00f3\u0142prac\u0119.\u00a0Cele projektu: Promowanie aktywno\u015bci fizycznej i zdrowego trybu \u017cycia. Zwi\u0119kszanie \u015bwiadomo\u015bci [&hellip;]<\/p>\n","protected":false},"author":2,"featured_media":0,"parent":0,"menu_order":0,"comment_status":"closed","ping_status":"closed","template":"","meta":{"ngg_post_thumbnail":0,"footnotes":""},"class_list":["post-6643","page","type-page","status-publish","hentry"],"_links":{"self":[{"href":"https:\/\/spjastrzab.ugporaj.pl\/index.php?rest_route=\/wp\/v2\/pages\/6643","targetHints":{"allow":["GET"]}}],"collection":[{"href":"https:\/\/spjastrzab.ugporaj.pl\/index.php?rest_route=\/wp\/v2\/pages"}],"about":[{"href":"https:\/\/spjastrzab.ugporaj.pl\/index.php?rest_route=\/wp\/v2\/types\/page"}],"author":[{"embeddable":true,"href":"https:\/\/spjastrzab.ugporaj.pl\/index.php?rest_route=\/wp\/v2\/users\/2"}],"replies":[{"embeddable":true,"href":"https:\/\/spjastrzab.ugporaj.pl\/index.php?rest_route=%2Fwp%2Fv2%2Fcomments&post=6643"}],"version-history":[{"count":3,"href":"https:\/\/spjastrzab.ugporaj.pl\/index.php?rest_route=\/wp\/v2\/pages\/6643\/revisions"}],"predecessor-version":[{"id":6647,"href":"https:\/\/spjastrzab.ugporaj.pl\/index.php?rest_route=\/wp\/v2\/pages\/6643\/revisions\/6647"}],"wp:attachment":[{"href":"https:\/\/spjastrzab.ugporaj.pl\/index.php?rest_route=%2Fwp%2Fv2%2Fmedia&parent=6643"}],"curies":[{"name":"wp","href":"https:\/\/api.w.org\/{rel}","templated":true}]}}