{"id":21,"date":"2023-10-09T09:48:02","date_gmt":"2023-10-09T07:48:02","guid":{"rendered":"http:\/\/spjastrzab.ugporaj.pl\/?page_id=21"},"modified":"2025-09-15T12:33:55","modified_gmt":"2025-09-15T10:33:55","slug":"grono-pedagogiczne","status":"publish","type":"page","link":"https:\/\/spjastrzab.ugporaj.pl\/?page_id=21","title":{"rendered":"Grono pedagogiczne"},"content":{"rendered":"\t\t<div data-elementor-type=\"wp-page\" data-elementor-id=\"21\" class=\"elementor elementor-21\">\n\t\t\t\t\t\t<section class=\"elementor-section elementor-top-section elementor-element elementor-element-1933294 elementor-section-boxed elementor-section-height-default elementor-section-height-default\" data-id=\"1933294\" data-element_type=\"section\" data-e-type=\"section\">\n\t\t\t\t\t\t<div class=\"elementor-container elementor-column-gap-default\">\n\t\t\t\t\t<div class=\"elementor-column elementor-col-100 elementor-top-column elementor-element elementor-element-e5e7c33\" data-id=\"e5e7c33\" data-element_type=\"column\" data-e-type=\"column\">\n\t\t\t<div class=\"elementor-widget-wrap elementor-element-populated\">\n\t\t\t\t\t\t<div class=\"elementor-element elementor-element-c2831ab elementor-widget elementor-widget-heading\" data-id=\"c2831ab\" data-element_type=\"widget\" data-e-type=\"widget\" data-widget_type=\"heading.default\">\n\t\t\t\t<div class=\"elementor-widget-container\">\n\t\t\t\t\t<h3 class=\"elementor-heading-title elementor-size-default\"><h2 style=\"white-space: normal\">Rok szkolny 2025\/2026<\/h2><\/h3>\t\t\t\t<\/div>\n\t\t\t\t<\/div>\n\t\t\t\t<div class=\"elementor-element elementor-element-4604bc1 elementor-widget elementor-widget-text-editor\" data-id=\"4604bc1\" data-element_type=\"widget\" data-e-type=\"widget\" data-widget_type=\"text-editor.default\">\n\t\t\t\t<div class=\"elementor-widget-container\">\n\t\t\t\t\t\t\t\t\t<h2><span style=\"font-weight: 400; color: #000000;\">Dyrektor Szko\u0142y: mgr Jadwiga Kidawa- j\u0119zyk polski, logoterapia<\/span><\/h2><p><span style=\"color: #000000;\"><b>oddzia\u0142 przedszkolny<\/b><\/span><\/p><p><span style=\"font-weight: 400; color: #000000;\">mgr Ma\u0142gorzata Sawicka<\/span><\/p><p><span style=\"font-weight: 400; color: #000000;\">mgr Ewelina S\u0142abosz<\/span><\/p><p><span style=\"font-weight: 400; color: #000000;\">mgr Anna Pidzik<\/span><\/p><p><span style=\"color: #000000;\"><b>klasy I \u2013III<\/b><\/span><\/p><p><span style=\"font-weight: 400; color: #000000;\">mgr Mariola Wieczorek &#8211; wychowawca kl. I <\/span><\/p><p><span style=\"font-weight: 400; color: #000000;\">mgr Ewelina Kowalczyk &#8211; wychowawca kl. II<\/span><\/p><p><span style=\"font-weight: 400; color: #000000;\">mgr Katarzyna Floryszczyk &#8211; wychowawca kl. III<\/span><\/p><p><span style=\"font-weight: 400; color: #000000;\">mgr Monika Noco\u0144 &#8211; nauczyciel wsp\u00f3\u0142organizuj\u0105cy kszta\u0142cenie<\/span><\/p><p><span style=\"color: #000000;\"><b>klasy IV \u2013VIII<\/b><\/span><\/p><p><span style=\"font-weight: 400; color: #000000;\">mgr W\u0142odzimierz Duda &#8211; nauczyciel techniki, wychowania fizycznego i EDB, wychowawca kl. IV<\/span><\/p><p><span style=\"font-weight: 400; color: #000000;\">mgr Jolanta Pokutycka &#8211; nauczyciel matematyki, wychowawca kl. V<\/span><\/p><p><span style=\"font-weight: 400; color: #000000;\">mgr Jolanta Kocop \u2013 nauczyciel j\u0119zyka polskiego i plastyki, wychowawca kl. VI<\/span><\/p><p><span style=\"font-weight: 400; color: #000000;\">mgr Marta \u0141ysek &#8211; nauczyciel j\u0119zyka polskiego, historii, bibliotekarz, wychowawca kl. VII<\/span><\/p><p><span style=\"font-weight: 400; color: #000000;\">mgr Marta Kowalczyk &#8211; nauczyciel j\u0119zyka angielskiego, wychowawca kl. VIII<\/span><\/p><p><span style=\"font-weight: 400; color: #000000;\">mgr Aneta Hyra-G\u00f3recka &#8211; nauczyciel\u00a0 historii i WOS<\/span><\/p><p><span style=\"font-weight: 400; color: #000000;\">mgr Iwona Filipczyk &#8211; nauczyciel religii<\/span><\/p><p><span style=\"font-weight: 400; color: #000000;\">mgr Diana Sawicka &#8211; nauczyciel fizyki<\/span><\/p><p><span style=\"font-weight: 400; color: #000000;\">mgr Katarzyna Zem\u0142a &#8211; nauczyciel geografii<\/span><\/p><p><span style=\"font-weight: 400; color: #000000;\">mgr Anna Machalska-Spich &#8211; nauczyciel j\u0119zyka niemieckiego<\/span><\/p><p><span style=\"font-weight: 400; color: #000000;\">mgr Rafa\u0142 Polegaj &#8211; nauczyciel muzyki<\/span><\/p><p><span style=\"font-weight: 400; color: #000000;\">mgr Ewa Sro\u015blak &#8211; nauczyciel przyrody, biologii i edukacji zdrowotnej<\/span><\/p><p><span style=\"font-weight: 400; color: #000000;\">mgr Agnieszka Ryczek &#8211; nauczyciel chemii<\/span><\/p><p><span style=\"font-weight: 400; color: #000000;\">mgr Przemys\u0142aw Hajducki &#8211; nauczyciel informatyki<\/span><\/p><p><span style=\"font-weight: 400; color: #000000;\">mgr Katarzyna Kot \u2013 doradztwo zawodowe<\/span><\/p><p><span style=\"font-weight: 400; color: #000000;\">mgr Monika Polegaj \u2013 logopeda<\/span><\/p><p><span style=\"font-weight: 400; color: #000000;\">mgr Robert Kowalczuk &#8211; pedagog<\/span><\/p><p><span style=\"font-weight: 400; color: #000000;\">mgr Marta Magda &#8211; pedagog specjalny<\/span><\/p><p><span style=\"font-weight: 400; color: #000000;\">mgr Natalia Sroka &#8211; psycholog<\/span><\/p><p><span style=\"font-weight: 400; color: #000000;\">mgr Ewa Kwokowska &#8211; wychowawca \u015bwietlicy<\/span><\/p>\t\t\t\t\t\t\t\t<\/div>\n\t\t\t\t<\/div>\n\t\t\t\t\t<\/div>\n\t\t<\/div>\n\t\t\t\t\t<\/div>\n\t\t<\/section>\n\t\t\t\t<section class=\"elementor-section elementor-top-section elementor-element elementor-element-c6fdd11 elementor-section-boxed elementor-section-height-default elementor-section-height-default\" data-id=\"c6fdd11\" data-element_type=\"section\" data-e-type=\"section\">\n\t\t\t\t\t\t<div class=\"elementor-container elementor-column-gap-default\">\n\t\t\t\t\t<div class=\"elementor-column elementor-col-100 elementor-top-column elementor-element elementor-element-1f25ad6\" data-id=\"1f25ad6\" data-element_type=\"column\" data-e-type=\"column\">\n\t\t\t<div class=\"elementor-widget-wrap elementor-element-populated\">\n\t\t\t\t\t\t\t<\/div>\n\t\t<\/div>\n\t\t\t\t\t<\/div>\n\t\t<\/section>\n\t\t\t\t<\/div>\n\t\t","protected":false},"excerpt":{"rendered":"<p>Rok szkolny 2025\/2026 Dyrektor Szko\u0142y: mgr Jadwiga Kidawa- j\u0119zyk polski, logoterapia oddzia\u0142 przedszkolny mgr Ma\u0142gorzata Sawicka mgr Ewelina S\u0142abosz mgr Anna Pidzik klasy I \u2013III mgr Mariola Wieczorek &#8211; wychowawca kl. I mgr Ewelina Kowalczyk &#8211; wychowawca kl. II mgr Katarzyna Floryszczyk &#8211; wychowawca kl. III mgr Monika Noco\u0144 &#8211; nauczyciel wsp\u00f3\u0142organizuj\u0105cy kszta\u0142cenie klasy IV [&hellip;]<\/p>\n","protected":false},"author":1,"featured_media":0,"parent":0,"menu_order":0,"comment_status":"closed","ping_status":"closed","template":"","meta":{"ngg_post_thumbnail":0,"footnotes":""},"class_list":["post-21","page","type-page","status-publish","hentry"],"_links":{"self":[{"href":"https:\/\/spjastrzab.ugporaj.pl\/index.php?rest_route=\/wp\/v2\/pages\/21","targetHints":{"allow":["GET"]}}],"collection":[{"href":"https:\/\/spjastrzab.ugporaj.pl\/index.php?rest_route=\/wp\/v2\/pages"}],"about":[{"href":"https:\/\/spjastrzab.ugporaj.pl\/index.php?rest_route=\/wp\/v2\/types\/page"}],"author":[{"embeddable":true,"href":"https:\/\/spjastrzab.ugporaj.pl\/index.php?rest_route=\/wp\/v2\/users\/1"}],"replies":[{"embeddable":true,"href":"https:\/\/spjastrzab.ugporaj.pl\/index.php?rest_route=%2Fwp%2Fv2%2Fcomments&post=21"}],"version-history":[{"count":54,"href":"https:\/\/spjastrzab.ugporaj.pl\/index.php?rest_route=\/wp\/v2\/pages\/21\/revisions"}],"predecessor-version":[{"id":5474,"href":"https:\/\/spjastrzab.ugporaj.pl\/index.php?rest_route=\/wp\/v2\/pages\/21\/revisions\/5474"}],"wp:attachment":[{"href":"https:\/\/spjastrzab.ugporaj.pl\/index.php?rest_route=%2Fwp%2Fv2%2Fmedia&parent=21"}],"curies":[{"name":"wp","href":"https:\/\/api.w.org\/{rel}","templated":true}]}}