{"id":1882,"date":"2024-05-06T10:53:23","date_gmt":"2024-05-06T08:53:23","guid":{"rendered":"http:\/\/spjastrzab.ugporaj.pl\/?page_id=1882"},"modified":"2024-05-06T10:54:17","modified_gmt":"2024-05-06T08:54:17","slug":"jak-korzystanie-z-telefonow-przez-rodzicow-wplywa-na-dzieci","status":"publish","type":"page","link":"https:\/\/spjastrzab.ugporaj.pl\/?page_id=1882","title":{"rendered":"Jak korzystanie z telefon\u00f3w przez rodzic\u00f3w wp\u0142ywa na dzieci"},"content":{"rendered":"\t\t<div data-elementor-type=\"wp-page\" data-elementor-id=\"1882\" class=\"elementor elementor-1882\">\n\t\t\t\t\t\t<section class=\"elementor-section elementor-top-section elementor-element elementor-element-4c5260c elementor-section-boxed elementor-section-height-default elementor-section-height-default\" data-id=\"4c5260c\" data-element_type=\"section\" data-e-type=\"section\">\n\t\t\t\t\t\t<div class=\"elementor-container elementor-column-gap-default\">\n\t\t\t\t\t<div class=\"elementor-column elementor-col-100 elementor-top-column elementor-element elementor-element-35b104a\" data-id=\"35b104a\" data-element_type=\"column\" data-e-type=\"column\">\n\t\t\t<div class=\"elementor-widget-wrap elementor-element-populated\">\n\t\t\t\t\t\t<div class=\"elementor-element elementor-element-9f5b842 elementor-widget elementor-widget-image\" data-id=\"9f5b842\" data-element_type=\"widget\" data-e-type=\"widget\" data-widget_type=\"image.default\">\n\t\t\t\t<div class=\"elementor-widget-container\">\n\t\t\t\t\t\t\t\t\t\t\t\t\t\t\t\t<a href=\"https:\/\/fdds.pl\/o-fundacji\/co-nowego-w-fundacji\/jak-korzystanie-z-telefonow-przez-rodzicow-wplywa-na-dzieci-kampania-blisko-telefonu-daleko-od-dziecka.html\" target=\"_blank\">\n\t\t\t\t\t\t\t<img fetchpriority=\"high\" decoding=\"async\" width=\"710\" height=\"399\" src=\"https:\/\/spjastrzab.ugporaj.pl\/wp-content\/uploads\/2024\/05\/KV08_2-1024x576.jpg\" class=\"attachment-large size-large wp-image-1883\" alt=\"\" srcset=\"https:\/\/spjastrzab.ugporaj.pl\/wp-content\/uploads\/2024\/05\/KV08_2-1024x576.jpg 1024w, https:\/\/spjastrzab.ugporaj.pl\/wp-content\/uploads\/2024\/05\/KV08_2-300x169.jpg 300w, https:\/\/spjastrzab.ugporaj.pl\/wp-content\/uploads\/2024\/05\/KV08_2-768x432.jpg 768w, https:\/\/spjastrzab.ugporaj.pl\/wp-content\/uploads\/2024\/05\/KV08_2-1536x864.jpg 1536w, https:\/\/spjastrzab.ugporaj.pl\/wp-content\/uploads\/2024\/05\/KV08_2.jpg 1920w\" sizes=\"(max-width: 710px) 100vw, 710px\" \/>\t\t\t\t\t\t\t\t<\/a>\n\t\t\t\t\t\t\t\t\t\t\t\t\t\t\t<\/div>\n\t\t\t\t<\/div>\n\t\t\t\t\t<\/div>\n\t\t<\/div>\n\t\t\t\t\t<\/div>\n\t\t<\/section>\n\t\t\t\t<\/div>\n\t\t","protected":false},"excerpt":{"rendered":"","protected":false},"author":2,"featured_media":0,"parent":0,"menu_order":0,"comment_status":"closed","ping_status":"closed","template":"","meta":{"ngg_post_thumbnail":0,"footnotes":""},"class_list":["post-1882","page","type-page","status-publish","hentry"],"_links":{"self":[{"href":"https:\/\/spjastrzab.ugporaj.pl\/index.php?rest_route=\/wp\/v2\/pages\/1882","targetHints":{"allow":["GET"]}}],"collection":[{"href":"https:\/\/spjastrzab.ugporaj.pl\/index.php?rest_route=\/wp\/v2\/pages"}],"about":[{"href":"https:\/\/spjastrzab.ugporaj.pl\/index.php?rest_route=\/wp\/v2\/types\/page"}],"author":[{"embeddable":true,"href":"https:\/\/spjastrzab.ugporaj.pl\/index.php?rest_route=\/wp\/v2\/users\/2"}],"replies":[{"embeddable":true,"href":"https:\/\/spjastrzab.ugporaj.pl\/index.php?rest_route=%2Fwp%2Fv2%2Fcomments&post=1882"}],"version-history":[{"count":3,"href":"https:\/\/spjastrzab.ugporaj.pl\/index.php?rest_route=\/wp\/v2\/pages\/1882\/revisions"}],"predecessor-version":[{"id":1887,"href":"https:\/\/spjastrzab.ugporaj.pl\/index.php?rest_route=\/wp\/v2\/pages\/1882\/revisions\/1887"}],"wp:attachment":[{"href":"https:\/\/spjastrzab.ugporaj.pl\/index.php?rest_route=%2Fwp%2Fv2%2Fmedia&parent=1882"}],"curies":[{"name":"wp","href":"https:\/\/api.w.org\/{rel}","templated":true}]}}