{"id":1686,"date":"2024-04-08T12:24:01","date_gmt":"2024-04-08T10:24:01","guid":{"rendered":"http:\/\/spjastrzab.ugporaj.pl\/?page_id=1686"},"modified":"2024-04-08T12:25:55","modified_gmt":"2024-04-08T10:25:55","slug":"bohateron","status":"publish","type":"page","link":"https:\/\/spjastrzab.ugporaj.pl\/?page_id=1686","title":{"rendered":"BohaterON"},"content":{"rendered":"\t\t<div data-elementor-type=\"wp-page\" data-elementor-id=\"1686\" class=\"elementor elementor-1686\">\n\t\t\t\t\t\t<section class=\"elementor-section elementor-top-section elementor-element elementor-element-bbe25a2 elementor-section-boxed elementor-section-height-default elementor-section-height-default\" data-id=\"bbe25a2\" data-element_type=\"section\" data-e-type=\"section\">\n\t\t\t\t\t\t<div class=\"elementor-container elementor-column-gap-default\">\n\t\t\t\t\t<div class=\"elementor-column elementor-col-100 elementor-top-column elementor-element elementor-element-846b232\" data-id=\"846b232\" data-element_type=\"column\" data-e-type=\"column\">\n\t\t\t<div class=\"elementor-widget-wrap elementor-element-populated\">\n\t\t\t\t\t\t<div class=\"elementor-element elementor-element-8164dff elementor-position-top elementor-widget elementor-widget-image-box\" data-id=\"8164dff\" data-element_type=\"widget\" data-e-type=\"widget\" data-widget_type=\"image-box.default\">\n\t\t\t\t<div class=\"elementor-widget-container\">\n\t\t\t\t\t<div class=\"elementor-image-box-wrapper\"><figure class=\"elementor-image-box-img\"><a href=\"https:\/\/bohateronwtwojejszkole.pl\/\" target=\"_blank\" tabindex=\"-1\"><img fetchpriority=\"high\" decoding=\"async\" width=\"1080\" height=\"1920\" src=\"https:\/\/spjastrzab.ugporaj.pl\/wp-content\/uploads\/2023\/11\/370267553_185426934625930_8936595331789217973_n.jpg\" class=\"attachment-full size-full wp-image-889\" alt=\"\" srcset=\"https:\/\/spjastrzab.ugporaj.pl\/wp-content\/uploads\/2023\/11\/370267553_185426934625930_8936595331789217973_n.jpg 1080w, https:\/\/spjastrzab.ugporaj.pl\/wp-content\/uploads\/2023\/11\/370267553_185426934625930_8936595331789217973_n-169x300.jpg 169w, https:\/\/spjastrzab.ugporaj.pl\/wp-content\/uploads\/2023\/11\/370267553_185426934625930_8936595331789217973_n-576x1024.jpg 576w, https:\/\/spjastrzab.ugporaj.pl\/wp-content\/uploads\/2023\/11\/370267553_185426934625930_8936595331789217973_n-768x1365.jpg 768w, https:\/\/spjastrzab.ugporaj.pl\/wp-content\/uploads\/2023\/11\/370267553_185426934625930_8936595331789217973_n-864x1536.jpg 864w\" sizes=\"(max-width: 1080px) 100vw, 1080px\" \/><\/a><\/figure><div class=\"elementor-image-box-content\"><p class=\"elementor-image-box-description\">BohaterON to og\u00f3lnopolska kampania o tematyce historycznej maj\u0105ca na celu upami\u0119tnienie i uhonorowanie uczestnik\u00f3w Powstania Warszawskiego oraz promocj\u0119 historii Polski XX wieku. Projekt powinien przede wszystkim edukowa\u0107 uczni\u00f3w, wzmacnia\u0107 poczucie to\u017csamo\u015bci narodowej oraz krzewi\u0107 postawy patriotyczne. Dlaczego BohaterON?\n\n\nNazwa akcji stanowi po\u0142\u0105czenie dw\u00f3ch s\u0142\u00f3w- polskiego \u201ebohater\u201d oraz angielskiego \u201eON\u201d, czyli \u201ew\u0142\u0105czy\u0107\u201d. Projekt a w\u0142a\u015bciwie jego nazwa ma tak\u017ce sygnalizowa\u0107 ch\u0119\u0107 w\u0142\u0105czenia do \u015bwiadomo\u015bci spo\u0142ecznej wydarze\u0144 realizowanych w celu promocji dziej\u00f3w naszego narodu oraz historii ludzi \u017cyj\u0105cych w czasach II wojny \u015bwiatowej i wykazuj\u0105cych si\u0119 patriotyczn\u0105 postaw\u0105- os\u00f3b, kt\u00f3re nie chcia\u0142y zosta\u0107 bohaterami i wcale si\u0119 za nich nie uwa\u017caj\u0105, ale nara\u017caj\u0105c swoje zdrowie za walk\u0119 za ojczyzn\u0119, sta\u0142y si\u0119 wzorami do na\u015bladowania. Szko\u0142a Podstawowa im. Kazimiera Wielkiego r\u00f3wnie\u017c przy\u0142\u0105czy\u0142a si\u0119 do akcji BohaterON. Projekt b\u0119dzie realizowany w klasach 0-III oraz IV-VIII.<\/p><\/div><\/div>\t\t\t\t<\/div>\n\t\t\t\t<\/div>\n\t\t\t\t\t<\/div>\n\t\t<\/div>\n\t\t\t\t\t<\/div>\n\t\t<\/section>\n\t\t\t\t<\/div>\n\t\t","protected":false},"excerpt":{"rendered":"<p>BohaterON to og\u00f3lnopolska kampania o tematyce historycznej maj\u0105ca na celu upami\u0119tnienie i uhonorowanie uczestnik\u00f3w Powstania Warszawskiego oraz promocj\u0119 historii Polski XX wieku. Projekt powinien przede wszystkim edukowa\u0107 uczni\u00f3w, wzmacnia\u0107 poczucie to\u017csamo\u015bci narodowej oraz krzewi\u0107 postawy patriotyczne. Dlaczego BohaterON? Nazwa akcji stanowi po\u0142\u0105czenie dw\u00f3ch s\u0142\u00f3w- polskiego \u201ebohater\u201d oraz angielskiego \u201eON\u201d, czyli \u201ew\u0142\u0105czy\u0107\u201d. Projekt a w\u0142a\u015bciwie jego [&hellip;]<\/p>\n","protected":false},"author":2,"featured_media":0,"parent":0,"menu_order":0,"comment_status":"closed","ping_status":"closed","template":"","meta":{"ngg_post_thumbnail":0,"footnotes":""},"class_list":["post-1686","page","type-page","status-publish","hentry"],"_links":{"self":[{"href":"https:\/\/spjastrzab.ugporaj.pl\/index.php?rest_route=\/wp\/v2\/pages\/1686","targetHints":{"allow":["GET"]}}],"collection":[{"href":"https:\/\/spjastrzab.ugporaj.pl\/index.php?rest_route=\/wp\/v2\/pages"}],"about":[{"href":"https:\/\/spjastrzab.ugporaj.pl\/index.php?rest_route=\/wp\/v2\/types\/page"}],"author":[{"embeddable":true,"href":"https:\/\/spjastrzab.ugporaj.pl\/index.php?rest_route=\/wp\/v2\/users\/2"}],"replies":[{"embeddable":true,"href":"https:\/\/spjastrzab.ugporaj.pl\/index.php?rest_route=%2Fwp%2Fv2%2Fcomments&post=1686"}],"version-history":[{"count":3,"href":"https:\/\/spjastrzab.ugporaj.pl\/index.php?rest_route=\/wp\/v2\/pages\/1686\/revisions"}],"predecessor-version":[{"id":1689,"href":"https:\/\/spjastrzab.ugporaj.pl\/index.php?rest_route=\/wp\/v2\/pages\/1686\/revisions\/1689"}],"wp:attachment":[{"href":"https:\/\/spjastrzab.ugporaj.pl\/index.php?rest_route=%2Fwp%2Fv2%2Fmedia&parent=1686"}],"curies":[{"name":"wp","href":"https:\/\/api.w.org\/{rel}","templated":true}]}}